{"id":3665,"date":"2021-09-17T07:08:11","date_gmt":"2021-09-17T07:08:11","guid":{"rendered":"http:\/\/edulingua.net\/edupage\/?page_id=3665"},"modified":"2021-09-18T06:05:34","modified_gmt":"2021-09-18T06:05:34","slug":"kuldje-el-velemenyet1","status":"publish","type":"page","link":"https:\/\/edulingua.net\/edupage\/kuldje-el-velemenyet1\/","title":{"rendered":"K\u00fcldje el v\u00e9lem\u00e9ny\u00e9t!"},"content":{"rendered":"\t\t<div data-elementor-type=\"wp-page\" data-elementor-id=\"3665\" class=\"elementor elementor-3665\" data-elementor-post-type=\"page\">\n\t\t\t\t\t\t<section class=\"elementor-section elementor-top-section elementor-element elementor-element-75fffc0 elementor-section-boxed elementor-section-height-default elementor-section-height-default\" data-id=\"75fffc0\" data-element_type=\"section\" data-e-type=\"section\">\n\t\t\t\t\t\t<div class=\"elementor-container elementor-column-gap-default\">\n\t\t\t\t\t<div class=\"elementor-column elementor-col-100 elementor-top-column elementor-element elementor-element-e5b918e\" data-id=\"e5b918e\" data-element_type=\"column\" data-e-type=\"column\">\n\t\t\t<div class=\"elementor-widget-wrap elementor-element-populated\">\n\t\t\t\t\t\t<div class=\"elementor-element elementor-element-e305c64 elementor-widget elementor-widget-text-editor\" data-id=\"e305c64\" data-element_type=\"widget\" data-e-type=\"widget\" data-widget_type=\"text-editor.default\">\n\t\t\t\t<div class=\"elementor-widget-container\">\n\t\t\t\t\t\t\t\t\t<h3><strong>Kedves L\u00e1togat\u00f3!<\/strong><\/h3><h5>\u00a0<\/h5><h5><strong>A honlap tov\u00e1bbi fejleszt\u00e9s\u00e9hez fontos sz\u00e1munkra a nyelvhaszn\u00e1l\u00f3k visszajelz\u00e9se, v\u00e9lem\u00e9nye.\u00a0<\/strong><\/h5><h5><strong>Mi a v\u00e9lem\u00e9nye az itt l\u00e1tott nyelvi r\u00e9szletekr\u0151l, jelnyelvi vagy romani kifejez\u00e9sekr\u0151l? Tetszik? Nem tetszik?\u00a0<\/strong><\/h5><h5><strong>\u00d6n is \u00edgy mondan\u00e1? Vagy m\u00e1sik kifejez\u00e9st\/jelet haszn\u00e1l?\u00a0\u00a0<\/strong><\/h5><h5><strong>K\u00e9rj\u00fck, k\u00fcldje el nek\u00fcnk a v\u00e9lem\u00e9ny\u00e9t, javaslat\u00e1t, b\u00e1rmelyik itteni sz\u00f3t\u00e1ri anyaggal, ford\u00edt\u00e1ssal vagy oktat\u00e1si kifejez\u00e9ssel stb. kapcsolatban!<\/strong><\/h5><h5><strong>\u00cdrja meg v\u00e9lem\u00e9ny\u00e9t sz\u00e1munkra priv\u00e1t \u00fczenetben, vagy vitassa meg a csoporttagokkal, a csoportban k\u00f6zz\u00e9tett poszt form\u00e1j\u00e1ban! <\/strong><\/h5><h5><strong>K\u00f6sz\u00f6nj\u00fck!<\/strong><\/h5><p>A Nyelvtudom\u00e1nyi Kutat\u00f3k\u00f6zpont Nyelvtechnol\u00f3giai \u00e9s Alkalmazott Nyelv\u00e9szeti Int\u00e9zet\u00e9nek T\u00f6bbnyelv\u0171s\u00e9gi \u00e9s Eduk\u00e1ci\u00f3s Nyelv\u00e9szeti Kutat\u00f3csoportja<\/p>\t\t\t\t\t\t\t\t<\/div>\n\t\t\t\t<\/div>\n\t\t\t\t\t<\/div>\n\t\t<\/div>\n\t\t\t\t\t<\/div>\n\t\t<\/section>\n\t\t\t\t<section class=\"elementor-section elementor-top-section elementor-element elementor-element-aa76055 elementor-section-boxed elementor-section-height-default elementor-section-height-default\" data-id=\"aa76055\" data-element_type=\"section\" data-e-type=\"section\">\n\t\t\t\t\t\t<div class=\"elementor-container elementor-column-gap-default\">\n\t\t\t\t\t<div class=\"elementor-column elementor-col-100 elementor-top-column elementor-element elementor-element-272a091\" data-id=\"272a091\" data-element_type=\"column\" data-e-type=\"column\">\n\t\t\t<div class=\"elementor-widget-wrap\">\n\t\t\t\t\t\t\t<\/div>\n\t\t<\/div>\n\t\t\t\t\t<\/div>\n\t\t<\/section>\n\t\t\t\t<section class=\"elementor-section elementor-top-section elementor-element elementor-element-8d0401d elementor-section-boxed elementor-section-height-default elementor-section-height-default\" data-id=\"8d0401d\" data-element_type=\"section\" data-e-type=\"section\">\n\t\t\t\t\t\t<div class=\"elementor-container elementor-column-gap-default\">\n\t\t\t\t\t<div class=\"elementor-column elementor-col-100 elementor-top-column elementor-element elementor-element-ebfb4de\" data-id=\"ebfb4de\" data-element_type=\"column\" data-e-type=\"column\">\n\t\t\t<div class=\"elementor-widget-wrap elementor-element-populated\">\n\t\t\t\t\t\t<div class=\"elementor-element elementor-element-c934d35 elementor-widget elementor-widget-text-editor\" data-id=\"c934d35\" data-element_type=\"widget\" data-e-type=\"widget\" data-widget_type=\"text-editor.default\">\n\t\t\t\t<div class=\"elementor-widget-container\">\n\t\t\t\t\t\t\t\t\t<h2><strong>\u00c9szrev\u00e9teleit, v\u00e9lem\u00e9nyeit a facebook csoportjainkban is megoszthatja.\u00a0<\/strong><\/h2>\t\t\t\t\t\t\t\t<\/div>\n\t\t\t\t<\/div>\n\t\t\t\t\t<\/div>\n\t\t<\/div>\n\t\t\t\t\t<\/div>\n\t\t<\/section>\n\t\t\t\t<section class=\"elementor-section elementor-top-section elementor-element elementor-element-e59ed46 elementor-section-boxed elementor-section-height-default elementor-section-height-default\" data-id=\"e59ed46\" data-element_type=\"section\" data-e-type=\"section\">\n\t\t\t\t\t\t<div class=\"elementor-container elementor-column-gap-default\">\n\t\t\t\t\t<div class=\"elementor-column elementor-col-50 elementor-top-column elementor-element elementor-element-0a8b6f2\" data-id=\"0a8b6f2\" data-element_type=\"column\" data-e-type=\"column\">\n\t\t\t<div class=\"elementor-widget-wrap elementor-element-populated\">\n\t\t\t\t\t\t<div class=\"elementor-element elementor-element-6ebc8d0 elementor-align-center elementor-widget elementor-widget-button\" data-id=\"6ebc8d0\" data-element_type=\"widget\" data-e-type=\"widget\" data-widget_type=\"button.default\">\n\t\t\t\t<div class=\"elementor-widget-container\">\n\t\t\t\t\t\t\t\t\t<div class=\"elementor-button-wrapper\">\n\t\t\t\t\t<a class=\"elementor-button elementor-button-link elementor-size-sm\" href=\"https:\/\/www.facebook.com\/groups\/875616279748832\/\">\n\t\t\t\t\t\t<span class=\"elementor-button-content-wrapper\">\n\t\t\t\t\t\t\t\t\t<span class=\"elementor-button-text\">Jelnyelvi oktat\u00e1si sz\u00f3kincs v\u00e9lem\u00e9nyez\u00e9s<\/span>\n\t\t\t\t\t<\/span>\n\t\t\t\t\t<\/a>\n\t\t\t\t<\/div>\n\t\t\t\t\t\t\t\t<\/div>\n\t\t\t\t<\/div>\n\t\t\t\t\t<\/div>\n\t\t<\/div>\n\t\t\t\t<div class=\"elementor-column elementor-col-50 elementor-top-column elementor-element elementor-element-8882a9d\" data-id=\"8882a9d\" data-element_type=\"column\" data-e-type=\"column\">\n\t\t\t<div class=\"elementor-widget-wrap elementor-element-populated\">\n\t\t\t\t\t\t<div class=\"elementor-element elementor-element-729f032 elementor-align-center elementor-widget elementor-widget-button\" data-id=\"729f032\" data-element_type=\"widget\" data-e-type=\"widget\" data-widget_type=\"button.default\">\n\t\t\t\t<div class=\"elementor-widget-container\">\n\t\t\t\t\t\t\t\t\t<div class=\"elementor-button-wrapper\">\n\t\t\t\t\t<a class=\"elementor-button elementor-button-link elementor-size-sm\" href=\"https:\/\/www.facebook.com\/groups\/914760975807929\/\">\n\t\t\t\t\t\t<span class=\"elementor-button-content-wrapper\">\n\t\t\t\t\t\t\t\t\t<span class=\"elementor-button-text\">Cig\u00e1ny (romani) oktat\u00e1si sz\u00f3kincs v\u00e9lem\u00e9nyez\u00e9s<\/span>\n\t\t\t\t\t<\/span>\n\t\t\t\t\t<\/a>\n\t\t\t\t<\/div>\n\t\t\t\t\t\t\t\t<\/div>\n\t\t\t\t<\/div>\n\t\t\t\t\t<\/div>\n\t\t<\/div>\n\t\t\t\t\t<\/div>\n\t\t<\/section>\n\t\t\t\t<\/div>\n\t\t","protected":false},"excerpt":{"rendered":"<p>Kedves L\u00e1togat\u00f3! \u00a0 A honlap tov\u00e1bbi fejleszt\u00e9s\u00e9hez fontos sz\u00e1munkra a nyelvhaszn\u00e1l\u00f3k visszajelz\u00e9se, v\u00e9lem\u00e9nye.\u00a0 Mi a v\u00e9lem\u00e9nye az itt l\u00e1tott nyelvi r\u00e9szletekr\u0151l, jelnyelvi vagy romani kifejez\u00e9sekr\u0151l? Tetszik? Nem tetszik?\u00a0 \u00d6n is \u00edgy mondan\u00e1? Vagy m\u00e1sik kifejez\u00e9st\/jelet haszn\u00e1l?\u00a0\u00a0 K\u00e9rj\u00fck, k\u00fcldje el nek\u00fcnk &hellip; <\/p>\n","protected":false},"author":1,"featured_media":0,"parent":0,"menu_order":0,"comment_status":"closed","ping_status":"closed","template":"","meta":{"footnotes":""},"class_list":["post-3665","page","type-page","status-publish","hentry"],"jetpack_sharing_enabled":true,"_links":{"self":[{"href":"https:\/\/edulingua.net\/edupage\/wp-json\/wp\/v2\/pages\/3665","targetHints":{"allow":["GET"]}}],"collection":[{"href":"https:\/\/edulingua.net\/edupage\/wp-json\/wp\/v2\/pages"}],"about":[{"href":"https:\/\/edulingua.net\/edupage\/wp-json\/wp\/v2\/types\/page"}],"author":[{"embeddable":true,"href":"https:\/\/edulingua.net\/edupage\/wp-json\/wp\/v2\/users\/1"}],"replies":[{"embeddable":true,"href":"https:\/\/edulingua.net\/edupage\/wp-json\/wp\/v2\/comments?post=3665"}],"version-history":[{"count":35,"href":"https:\/\/edulingua.net\/edupage\/wp-json\/wp\/v2\/pages\/3665\/revisions"}],"predecessor-version":[{"id":3776,"href":"https:\/\/edulingua.net\/edupage\/wp-json\/wp\/v2\/pages\/3665\/revisions\/3776"}],"wp:attachment":[{"href":"https:\/\/edulingua.net\/edupage\/wp-json\/wp\/v2\/media?parent=3665"}],"curies":[{"name":"wp","href":"https:\/\/api.w.org\/{rel}","templated":true}]}}