{"id":3604,"date":"2021-08-24T08:37:04","date_gmt":"2021-08-24T08:37:04","guid":{"rendered":"http:\/\/edulingua.net\/edupage\/?page_id=3604"},"modified":"2021-08-26T10:20:06","modified_gmt":"2021-08-26T10:20:06","slug":"publikaciok-eloadasok","status":"publish","type":"page","link":"https:\/\/edulingua.net\/edupage\/publikaciok-eloadasok\/","title":{"rendered":"Publik\u00e1ci\u00f3k, el\u0151ad\u00e1sok"},"content":{"rendered":"\t\t<div data-elementor-type=\"wp-page\" data-elementor-id=\"3604\" class=\"elementor elementor-3604\" data-elementor-post-type=\"page\">\n\t\t\t\t\t\t<section class=\"elementor-section elementor-top-section elementor-element elementor-element-3ca1dea elementor-section-boxed elementor-section-height-default elementor-section-height-default\" data-id=\"3ca1dea\" data-element_type=\"section\" data-e-type=\"section\">\n\t\t\t\t\t\t<div class=\"elementor-container elementor-column-gap-default\">\n\t\t\t\t\t<div class=\"elementor-column elementor-col-100 elementor-top-column elementor-element elementor-element-14d41ff\" data-id=\"14d41ff\" data-element_type=\"column\" data-e-type=\"column\">\n\t\t\t<div class=\"elementor-widget-wrap elementor-element-populated\">\n\t\t\t\t\t\t<div class=\"elementor-element elementor-element-cbfd87c elementor-widget elementor-widget-heading\" data-id=\"cbfd87c\" data-element_type=\"widget\" data-e-type=\"widget\" data-widget_type=\"heading.default\">\n\t\t\t\t<div class=\"elementor-widget-container\">\n\t\t\t\t\t<h2 class=\"elementor-heading-title elementor-size-default\">A NyelvEs\u00e9ly projekt keret\u00e9ben l\u00e9trej\u00f6tt \u00e9s a\nmunk\u00e1latokhoz kapcsol\u00f3d\u00f3 publik\u00e1ci\u00f3k<\/h2>\t\t\t\t<\/div>\n\t\t\t\t<\/div>\n\t\t\t\t\t<\/div>\n\t\t<\/div>\n\t\t\t\t\t<\/div>\n\t\t<\/section>\n\t\t\t\t<section class=\"elementor-section elementor-top-section elementor-element elementor-element-238709f elementor-section-boxed elementor-section-height-default elementor-section-height-default\" data-id=\"238709f\" data-element_type=\"section\" data-e-type=\"section\">\n\t\t\t\t\t\t<div class=\"elementor-container elementor-column-gap-default\">\n\t\t\t\t\t<div class=\"elementor-column elementor-col-100 elementor-top-column elementor-element elementor-element-d6dfe98\" data-id=\"d6dfe98\" data-element_type=\"column\" data-e-type=\"column\">\n\t\t\t<div class=\"elementor-widget-wrap elementor-element-populated\">\n\t\t\t\t\t\t<div class=\"elementor-element elementor-element-09854a8 elementor-view-stacked elementor-shape-circle elementor-widget elementor-widget-icon\" data-id=\"09854a8\" data-element_type=\"widget\" data-e-type=\"widget\" data-widget_type=\"icon.default\">\n\t\t\t\t<div class=\"elementor-widget-container\">\n\t\t\t\t\t\t\t<div class=\"elementor-icon-wrapper\">\n\t\t\t<a class=\"elementor-icon\" href=\"http:\/\/edulingua.net\/document\/NYE_publ_szerk_TD_VEGLEGES.pdf\">\n\t\t\t<i aria-hidden=\"true\" class=\"fas fa-file-pdf\"><\/i>\t\t\t<\/a>\n\t\t<\/div>\n\t\t\t\t\t\t<\/div>\n\t\t\t\t<\/div>\n\t\t\t\t\t<\/div>\n\t\t<\/div>\n\t\t\t\t\t<\/div>\n\t\t<\/section>\n\t\t\t\t<section class=\"elementor-section elementor-top-section elementor-element elementor-element-352965e elementor-section-boxed elementor-section-height-default elementor-section-height-default\" data-id=\"352965e\" data-element_type=\"section\" data-e-type=\"section\">\n\t\t\t\t\t\t<div class=\"elementor-container elementor-column-gap-default\">\n\t\t\t\t\t<div class=\"elementor-column elementor-col-100 elementor-top-column elementor-element elementor-element-24d1b2e\" data-id=\"24d1b2e\" data-element_type=\"column\" data-e-type=\"column\">\n\t\t\t<div class=\"elementor-widget-wrap elementor-element-populated\">\n\t\t\t\t\t\t<div class=\"elementor-element elementor-element-3fe3bc5 elementor-widget elementor-widget-heading\" data-id=\"3fe3bc5\" data-element_type=\"widget\" data-e-type=\"widget\" data-widget_type=\"heading.default\">\n\t\t\t\t<div class=\"elementor-widget-container\">\n\t\t\t\t\t<h2 class=\"elementor-heading-title elementor-size-default\">A NyelvEs\u00e9ly kutat\u00f3csoport tant\u00e1rgy-pedag\u00f3giai\nkutat\u00e1sait bemutat\u00f3 nemzetk\u00f6zi \u00e9s hazai tudom\u00e1nyos\nkonferencia-el\u0151ad\u00e1sok; szervezett konferenci\u00e1k \u00e9s\nworkshopok, oktat\u00e1si tev\u00e9kenys\u00e9g<\/h2>\t\t\t\t<\/div>\n\t\t\t\t<\/div>\n\t\t\t\t\t<\/div>\n\t\t<\/div>\n\t\t\t\t\t<\/div>\n\t\t<\/section>\n\t\t\t\t<section class=\"elementor-section elementor-top-section elementor-element elementor-element-389ac04 elementor-section-boxed elementor-section-height-default elementor-section-height-default\" data-id=\"389ac04\" data-element_type=\"section\" data-e-type=\"section\">\n\t\t\t\t\t\t<div class=\"elementor-container elementor-column-gap-default\">\n\t\t\t\t\t<div class=\"elementor-column elementor-col-100 elementor-top-column elementor-element elementor-element-9c914e9\" data-id=\"9c914e9\" data-element_type=\"column\" data-e-type=\"column\">\n\t\t\t<div class=\"elementor-widget-wrap elementor-element-populated\">\n\t\t\t\t\t\t<div class=\"elementor-element elementor-element-330dd21 elementor-view-stacked elementor-shape-circle elementor-widget elementor-widget-icon\" data-id=\"330dd21\" data-element_type=\"widget\" data-e-type=\"widget\" data-widget_type=\"icon.default\">\n\t\t\t\t<div class=\"elementor-widget-container\">\n\t\t\t\t\t\t\t<div class=\"elementor-icon-wrapper\">\n\t\t\t<a class=\"elementor-icon\" href=\"http:\/\/edulingua.net\/document\/NYE_rendez_okt_szerk_TD_VEGLEGES.pdf\">\n\t\t\t<i aria-hidden=\"true\" class=\"fas fa-file-pdf\"><\/i>\t\t\t<\/a>\n\t\t<\/div>\n\t\t\t\t\t\t<\/div>\n\t\t\t\t<\/div>\n\t\t\t\t\t<\/div>\n\t\t<\/div>\n\t\t\t\t\t<\/div>\n\t\t<\/section>\n\t\t\t\t<\/div>\n\t\t","protected":false},"excerpt":{"rendered":"<p>A NyelvEs\u00e9ly projekt keret\u00e9ben l\u00e9trej\u00f6tt \u00e9s a munk\u00e1latokhoz kapcsol\u00f3d\u00f3 publik\u00e1ci\u00f3k A NyelvEs\u00e9ly kutat\u00f3csoport tant\u00e1rgy-pedag\u00f3giai kutat\u00e1sait bemutat\u00f3 nemzetk\u00f6zi \u00e9s hazai tudom\u00e1nyos konferencia-el\u0151ad\u00e1sok; szervezett konferenci\u00e1k \u00e9s workshopok, oktat\u00e1si tev\u00e9kenys\u00e9g<\/p>\n","protected":false},"author":1,"featured_media":0,"parent":0,"menu_order":0,"comment_status":"closed","ping_status":"closed","template":"","meta":{"footnotes":""},"class_list":["post-3604","page","type-page","status-publish","hentry"],"jetpack_sharing_enabled":true,"_links":{"self":[{"href":"https:\/\/edulingua.net\/edupage\/wp-json\/wp\/v2\/pages\/3604","targetHints":{"allow":["GET"]}}],"collection":[{"href":"https:\/\/edulingua.net\/edupage\/wp-json\/wp\/v2\/pages"}],"about":[{"href":"https:\/\/edulingua.net\/edupage\/wp-json\/wp\/v2\/types\/page"}],"author":[{"embeddable":true,"href":"https:\/\/edulingua.net\/edupage\/wp-json\/wp\/v2\/users\/1"}],"replies":[{"embeddable":true,"href":"https:\/\/edulingua.net\/edupage\/wp-json\/wp\/v2\/comments?post=3604"}],"version-history":[{"count":4,"href":"https:\/\/edulingua.net\/edupage\/wp-json\/wp\/v2\/pages\/3604\/revisions"}],"predecessor-version":[{"id":3631,"href":"https:\/\/edulingua.net\/edupage\/wp-json\/wp\/v2\/pages\/3604\/revisions\/3631"}],"wp:attachment":[{"href":"https:\/\/edulingua.net\/edupage\/wp-json\/wp\/v2\/media?parent=3604"}],"curies":[{"name":"wp","href":"https:\/\/api.w.org\/{rel}","templated":true}]}}